{"id":106,"date":"2025-01-16T07:58:48","date_gmt":"2025-01-16T07:58:48","guid":{"rendered":"https:\/\/stronatestowa.cloudaccess.host\/?page_id=106"},"modified":"2025-03-18T17:56:00","modified_gmt":"2025-03-18T17:56:00","slug":"robot-challenge","status":"publish","type":"page","link":"https:\/\/al.edu.pl\/roboexe\/?page_id=106","title":{"rendered":"Robot Challenge"},"content":{"rendered":"\n<div class=\"wp-block-group has-global-padding is-layout-constrained wp-block-group-is-layout-constrained\">\n<div class=\"wp-block-group is-vertical is-layout-flex wp-container-core-group-is-layout-fe9cc265 wp-block-group-is-layout-flex\">\n<p>Jest to Konkurs organizowany przez Wydzia\u0142 Nauk Informatyczno-Technologicznych Akademii \u0141om\u017cy\u0144skiej i skierowany jest do uczni\u00f3w szk\u00f3\u0142 podstawowych, \u015brednich oraz student\u00f3w. Jego organizatorzy zach\u0119caj\u0105 r\u00f3wnie\u017c pasjonat\u00f3w robotyki do udzia\u0142u w wydarzeniu. Konkurs oferuje szereg konkurencji, spo\u015br\u00f3d kt\u00f3rych ka\u017cdy mo\u017ce znale\u017a\u0107 co\u015b dla siebie. Tegoroczny podzia\u0142 wygl\u0105da nast\u0119puj\u0105co:<\/p>\n<\/div>\n\n\n\n<div class=\"wp-block-group is-vertical is-layout-flex wp-container-core-group-is-layout-3c0584f4 wp-block-group-is-layout-flex\" style=\"margin-top:0;margin-bottom:0;padding-top:var(--wp--preset--spacing--30);padding-right:var(--wp--preset--spacing--30);padding-bottom:var(--wp--preset--spacing--30);padding-left:var(--wp--preset--spacing--30)\">\n<div class=\"wp-block-group has-background has-medium-font-size wp-container-content-9cfa9a5a is-nowrap is-layout-flex wp-container-core-group-is-layout-6c531013 wp-block-group-is-layout-flex\" style=\"border-radius:30px;background-color:#e9e9e969\">\n<figure class=\"wp-block-image size-large is-resized is-style-rounded wp-container-content-577e1c61\" style=\"margin-top:var(--wp--preset--spacing--20);margin-right:var(--wp--preset--spacing--20);margin-bottom:var(--wp--preset--spacing--20);margin-left:var(--wp--preset--spacing--20)\"><img loading=\"lazy\" decoding=\"async\" width=\"1024\" height=\"1024\" src=\"https:\/\/al.edu.pl\/roboexe\/wp-content\/uploads\/2025\/01\/411b81eebb5eb2af6c7d230698b252d1-1024x1024.png\" alt=\"roboto linefollower i tekst line - follower\" class=\"wp-image-138\" style=\"width:200px\" srcset=\"https:\/\/al.edu.pl\/roboexe\/wp-content\/uploads\/2025\/01\/411b81eebb5eb2af6c7d230698b252d1-1024x1024.png 1024w, https:\/\/al.edu.pl\/roboexe\/wp-content\/uploads\/2025\/01\/411b81eebb5eb2af6c7d230698b252d1-300x300.png 300w, https:\/\/al.edu.pl\/roboexe\/wp-content\/uploads\/2025\/01\/411b81eebb5eb2af6c7d230698b252d1-150x150.png 150w, https:\/\/al.edu.pl\/roboexe\/wp-content\/uploads\/2025\/01\/411b81eebb5eb2af6c7d230698b252d1-768x768.png 768w, https:\/\/al.edu.pl\/roboexe\/wp-content\/uploads\/2025\/01\/411b81eebb5eb2af6c7d230698b252d1.png 1048w\" sizes=\"auto, (max-width: 1024px) 100vw, 1024px\" \/><\/figure>\n\n\n\n<p class=\"is-style-default has-link-color wp-elements-768bfb334bff93dc16cc7d1d0a29d114 wp-container-content-006212af\" style=\"padding-top:var(--wp--preset--spacing--20);padding-right:var(--wp--preset--spacing--20);padding-bottom:var(--wp--preset--spacing--20);padding-left:var(--wp--preset--spacing--20)\">Zadaniem robota jest przejazd wzd\u0142u\u017c wyznaczonej linii w najkr\u00f3tszym mo\u017cliwym czasie. W czasie przejazdu robot musi porusza\u0107 si\u0119 w pe\u0142ni autonomicznie. Robot powinien by\u0107 odporny na dzia\u0142anie bramek pomiarowych oraz na zmiany o\u015bwietlenia, w tym wywo\u0142ane b\u0142yskami fleszy fotograficznych. Robot mo\u017ce by\u0107 nap\u0119dzany wy\u0142\u0105cznie silnikiem lub silnikami elektrycznymi.<br><a href=\"https:\/\/al.edu.pl\/roboexe\/wp-content\/uploads\/2025\/03\/Zalacznik_nr_RC_1.pdf\" data-type=\"attachment\" data-id=\"499\" target=\"_blank\" rel=\"noreferrer noopener\">Opis konkurencji<\/a><br><a href=\"https:\/\/al.edu.pl\/roboexe\/?page_id=420\" data-type=\"page\" data-id=\"420\">Regulamin<\/a><\/p>\n<\/div>\n\n\n\n<div class=\"wp-block-group has-background wp-container-content-9cfa9a5a is-nowrap is-layout-flex wp-container-core-group-is-layout-6c531013 wp-block-group-is-layout-flex\" style=\"border-radius:30px;background-color:#e9e9e969\">\n<figure class=\"wp-block-image size-large is-resized is-style-rounded wp-container-content-577e1c61\" style=\"margin-top:var(--wp--preset--spacing--20);margin-right:var(--wp--preset--spacing--20);margin-bottom:var(--wp--preset--spacing--20);margin-left:var(--wp--preset--spacing--20)\"><img loading=\"lazy\" decoding=\"async\" width=\"1024\" height=\"1024\" src=\"https:\/\/al.edu.pl\/roboexe\/wp-content\/uploads\/2025\/01\/cc5c1fef32eb4f2aa5bbe0cc012c1003-1024x1024.png\" alt=\"dwa roboty sumo na dojo\" class=\"wp-image-139\" style=\"aspect-ratio:1;object-fit:cover;width:200px\" srcset=\"https:\/\/al.edu.pl\/roboexe\/wp-content\/uploads\/2025\/01\/cc5c1fef32eb4f2aa5bbe0cc012c1003-1024x1024.png 1024w, https:\/\/al.edu.pl\/roboexe\/wp-content\/uploads\/2025\/01\/cc5c1fef32eb4f2aa5bbe0cc012c1003-300x300.png 300w, https:\/\/al.edu.pl\/roboexe\/wp-content\/uploads\/2025\/01\/cc5c1fef32eb4f2aa5bbe0cc012c1003-150x150.png 150w, https:\/\/al.edu.pl\/roboexe\/wp-content\/uploads\/2025\/01\/cc5c1fef32eb4f2aa5bbe0cc012c1003-768x768.png 768w, https:\/\/al.edu.pl\/roboexe\/wp-content\/uploads\/2025\/01\/cc5c1fef32eb4f2aa5bbe0cc012c1003.png 1281w\" sizes=\"auto, (max-width: 1024px) 100vw, 1024px\" \/><\/figure>\n\n\n\n<p class=\"has-link-color has-medium-font-size wp-elements-2f56087f7ce22e6970d9ac62f53db011 wp-container-content-006212af\" style=\"padding-top:var(--wp--preset--spacing--20);padding-right:var(--wp--preset--spacing--20);padding-bottom:var(--wp--preset--spacing--20);padding-left:var(--wp--preset--spacing--20)\">Celem konkurencji jest walka dw\u00f3ch robot\u00f3w typu LEGO Sumo na planszy zwanej dojo. Zadaniem robota jest zepchni\u0119cie z planszy robota przeciwnej dru\u017cyny. Konkurencja sk\u0142ada si\u0119 z eliminacji a po nich odbywaj\u0105 si\u0119 fina\u0142y.<br><a href=\"https:\/\/al.edu.pl\/roboexe\/wp-content\/uploads\/2025\/03\/Zalacznik_nr_RC_1.pdf\" data-type=\"attachment\" data-id=\"499\" target=\"_blank\" rel=\"noreferrer noopener\">Opis konkurencji<\/a><br><a href=\"https:\/\/al.edu.pl\/roboexe\/?page_id=420\" data-type=\"page\" data-id=\"420\">Regulamin<\/a><\/p>\n<\/div>\n\n\n\n<div class=\"wp-block-group has-background wp-container-content-9cfa9a5a is-nowrap is-layout-flex wp-container-core-group-is-layout-6c531013 wp-block-group-is-layout-flex\" style=\"border-radius:30px;background-color:#e9e9e969\">\n<figure class=\"wp-block-image size-full is-resized is-style-rounded wp-container-content-577e1c61\" style=\"margin-top:var(--wp--preset--spacing--20);margin-right:var(--wp--preset--spacing--20);margin-bottom:var(--wp--preset--spacing--20);margin-left:var(--wp--preset--spacing--20)\"><img loading=\"lazy\" decoding=\"async\" width=\"792\" height=\"792\" src=\"https:\/\/al.edu.pl\/roboexe\/wp-content\/uploads\/2025\/01\/2dac01679f5720f922385d2dda37404c.png\" alt=\"robot typu \u0142azik i napis free - style\" class=\"wp-image-142\" style=\"aspect-ratio:1;object-fit:cover;width:200px\" srcset=\"https:\/\/al.edu.pl\/roboexe\/wp-content\/uploads\/2025\/01\/2dac01679f5720f922385d2dda37404c.png 792w, https:\/\/al.edu.pl\/roboexe\/wp-content\/uploads\/2025\/01\/2dac01679f5720f922385d2dda37404c-300x300.png 300w, https:\/\/al.edu.pl\/roboexe\/wp-content\/uploads\/2025\/01\/2dac01679f5720f922385d2dda37404c-150x150.png 150w, https:\/\/al.edu.pl\/roboexe\/wp-content\/uploads\/2025\/01\/2dac01679f5720f922385d2dda37404c-768x768.png 768w\" sizes=\"auto, (max-width: 792px) 100vw, 792px\" \/><\/figure>\n\n\n\n<p class=\"has-link-color has-medium-font-size wp-elements-fdb2a2c5d5f88bb9b7a61f8828c78bc7 wp-container-content-006212af\" style=\"border-radius:0px;padding-top:var(--wp--preset--spacing--20);padding-right:var(--wp--preset--spacing--20);padding-bottom:var(--wp--preset--spacing--20);padding-left:var(--wp--preset--spacing--20)\">Konkurencja ma na celu przedstawienie w\u0142asnej konstrukcji, prezentacji jej mo\u017cliwo\u015bci oraz zaprezentowania zastosowanych rozwi\u0105za\u0144 technicznych w zakresie jej budowy i programowania. Prezentacja oceniana jest przez publiczno\u015b\u0107, kt\u00f3ra w trakcie trwania wydarzenia mo\u017ce oddawa\u0107 g\u0142osy na wybran\u0105 konstrukcj\u0119 w wyznaczonym miejscu.<br><a href=\"https:\/\/al.edu.pl\/roboexe\/wp-content\/uploads\/2025\/03\/Zalacznik_nr_RC_1.pdf\" data-type=\"attachment\" data-id=\"499\" target=\"_blank\" rel=\"noreferrer noopener\">Opis konkurencji<\/a><br><a href=\"https:\/\/al.edu.pl\/roboexe\/?page_id=420\" data-type=\"page\" data-id=\"420\">Regulamin<\/a><\/p>\n<\/div>\n<\/div>\n\n\n\n<figure class=\"wp-block-gallery has-nested-images columns-default is-cropped wp-block-gallery-1 is-layout-flex wp-block-gallery-is-layout-flex\">\n<figure class=\"wp-block-image size-large\"><img loading=\"lazy\" decoding=\"async\" width=\"1024\" height=\"683\" data-id=\"269\" src=\"https:\/\/al.edu.pl\/roboexe\/wp-content\/uploads\/2025\/01\/0a53f96304f15a4edfab895fe1b7002e-1024x683.jpg\" alt=\"uczestnicy kategorii linefollower testuj\u0105 robota\" class=\"wp-image-269\" srcset=\"https:\/\/al.edu.pl\/roboexe\/wp-content\/uploads\/2025\/01\/0a53f96304f15a4edfab895fe1b7002e-1024x683.jpg 1024w, https:\/\/al.edu.pl\/roboexe\/wp-content\/uploads\/2025\/01\/0a53f96304f15a4edfab895fe1b7002e-300x200.jpg 300w, https:\/\/al.edu.pl\/roboexe\/wp-content\/uploads\/2025\/01\/0a53f96304f15a4edfab895fe1b7002e-768x512.jpg 768w, https:\/\/al.edu.pl\/roboexe\/wp-content\/uploads\/2025\/01\/0a53f96304f15a4edfab895fe1b7002e-1536x1024.jpg 1536w, https:\/\/al.edu.pl\/roboexe\/wp-content\/uploads\/2025\/01\/0a53f96304f15a4edfab895fe1b7002e.jpg 2048w\" sizes=\"auto, (max-width: 1024px) 100vw, 1024px\" \/><\/figure>\n\n\n\n<figure class=\"wp-block-image size-large\"><img loading=\"lazy\" decoding=\"async\" width=\"1024\" height=\"683\" data-id=\"267\" src=\"https:\/\/al.edu.pl\/roboexe\/wp-content\/uploads\/2025\/01\/659b4d772ab7ecfb714a37fdd4d30c48-1024x683.jpg\" alt=\"dwa roboty lego sumo na dojo\" class=\"wp-image-267\" srcset=\"https:\/\/al.edu.pl\/roboexe\/wp-content\/uploads\/2025\/01\/659b4d772ab7ecfb714a37fdd4d30c48-1024x683.jpg 1024w, https:\/\/al.edu.pl\/roboexe\/wp-content\/uploads\/2025\/01\/659b4d772ab7ecfb714a37fdd4d30c48-300x200.jpg 300w, https:\/\/al.edu.pl\/roboexe\/wp-content\/uploads\/2025\/01\/659b4d772ab7ecfb714a37fdd4d30c48-768x512.jpg 768w, https:\/\/al.edu.pl\/roboexe\/wp-content\/uploads\/2025\/01\/659b4d772ab7ecfb714a37fdd4d30c48-1536x1024.jpg 1536w, https:\/\/al.edu.pl\/roboexe\/wp-content\/uploads\/2025\/01\/659b4d772ab7ecfb714a37fdd4d30c48.jpg 2048w\" sizes=\"auto, (max-width: 1024px) 100vw, 1024px\" \/><\/figure>\n\n\n\n<figure class=\"wp-block-image size-large\"><img loading=\"lazy\" decoding=\"async\" width=\"1024\" height=\"683\" data-id=\"271\" src=\"https:\/\/al.edu.pl\/roboexe\/wp-content\/uploads\/2025\/01\/8349dc476f7c595f48270fe0c888e782-1024x683.jpg\" alt=\"grupa ludzi pomi\u0119dzy kt\u00f3rymi stoi ma\u0142a wersja dojo z robotami lego sumo\" class=\"wp-image-271\" srcset=\"https:\/\/al.edu.pl\/roboexe\/wp-content\/uploads\/2025\/01\/8349dc476f7c595f48270fe0c888e782-1024x683.jpg 1024w, https:\/\/al.edu.pl\/roboexe\/wp-content\/uploads\/2025\/01\/8349dc476f7c595f48270fe0c888e782-300x200.jpg 300w, https:\/\/al.edu.pl\/roboexe\/wp-content\/uploads\/2025\/01\/8349dc476f7c595f48270fe0c888e782-768x512.jpg 768w, https:\/\/al.edu.pl\/roboexe\/wp-content\/uploads\/2025\/01\/8349dc476f7c595f48270fe0c888e782-1536x1024.jpg 1536w, https:\/\/al.edu.pl\/roboexe\/wp-content\/uploads\/2025\/01\/8349dc476f7c595f48270fe0c888e782.jpg 2048w\" sizes=\"auto, (max-width: 1024px) 100vw, 1024px\" \/><\/figure>\n\n\n\n<figure class=\"wp-block-image size-large\"><img loading=\"lazy\" decoding=\"async\" width=\"1024\" height=\"683\" data-id=\"268\" src=\"https:\/\/al.edu.pl\/roboexe\/wp-content\/uploads\/2025\/01\/78015696af6cc90b9d3df1e5c6664d93-1024x683.jpg\" alt=\"robot na r\u00f3wni pochy\u0142ej\" class=\"wp-image-268\" srcset=\"https:\/\/al.edu.pl\/roboexe\/wp-content\/uploads\/2025\/01\/78015696af6cc90b9d3df1e5c6664d93-1024x683.jpg 1024w, https:\/\/al.edu.pl\/roboexe\/wp-content\/uploads\/2025\/01\/78015696af6cc90b9d3df1e5c6664d93-300x200.jpg 300w, https:\/\/al.edu.pl\/roboexe\/wp-content\/uploads\/2025\/01\/78015696af6cc90b9d3df1e5c6664d93-768x512.jpg 768w, https:\/\/al.edu.pl\/roboexe\/wp-content\/uploads\/2025\/01\/78015696af6cc90b9d3df1e5c6664d93-1536x1024.jpg 1536w, https:\/\/al.edu.pl\/roboexe\/wp-content\/uploads\/2025\/01\/78015696af6cc90b9d3df1e5c6664d93.jpg 2048w\" sizes=\"auto, (max-width: 1024px) 100vw, 1024px\" \/><\/figure>\n\n\n\n<figure class=\"wp-block-image size-large\"><img loading=\"lazy\" decoding=\"async\" width=\"1024\" height=\"683\" data-id=\"272\" src=\"https:\/\/al.edu.pl\/roboexe\/wp-content\/uploads\/2025\/01\/b12fc54ba68fd28c42f5c6e2f65135e5-1024x683.jpg\" alt=\"m\u0142odzi uczestnicy lego sumo modyfikuj\u0105 robota\" class=\"wp-image-272\" srcset=\"https:\/\/al.edu.pl\/roboexe\/wp-content\/uploads\/2025\/01\/b12fc54ba68fd28c42f5c6e2f65135e5-1024x683.jpg 1024w, https:\/\/al.edu.pl\/roboexe\/wp-content\/uploads\/2025\/01\/b12fc54ba68fd28c42f5c6e2f65135e5-300x200.jpg 300w, https:\/\/al.edu.pl\/roboexe\/wp-content\/uploads\/2025\/01\/b12fc54ba68fd28c42f5c6e2f65135e5-768x512.jpg 768w, https:\/\/al.edu.pl\/roboexe\/wp-content\/uploads\/2025\/01\/b12fc54ba68fd28c42f5c6e2f65135e5-1536x1024.jpg 1536w, https:\/\/al.edu.pl\/roboexe\/wp-content\/uploads\/2025\/01\/b12fc54ba68fd28c42f5c6e2f65135e5.jpg 2048w\" sizes=\"auto, (max-width: 1024px) 100vw, 1024px\" \/><\/figure>\n\n\n\n<figure class=\"wp-block-image size-large\"><img loading=\"lazy\" decoding=\"async\" width=\"1024\" height=\"683\" data-id=\"270\" src=\"https:\/\/al.edu.pl\/roboexe\/wp-content\/uploads\/2025\/01\/c6f923e48d634cf0c8da05875f8cbff9-1024x683.jpg\" alt=\"Zdj\u0119cie z g\u00f3ry przedstawiaj\u0105ce stanowiska zawodnik\u00f3w do prac nad robotami\" class=\"wp-image-270\" srcset=\"https:\/\/al.edu.pl\/roboexe\/wp-content\/uploads\/2025\/01\/c6f923e48d634cf0c8da05875f8cbff9-1024x683.jpg 1024w, https:\/\/al.edu.pl\/roboexe\/wp-content\/uploads\/2025\/01\/c6f923e48d634cf0c8da05875f8cbff9-300x200.jpg 300w, https:\/\/al.edu.pl\/roboexe\/wp-content\/uploads\/2025\/01\/c6f923e48d634cf0c8da05875f8cbff9-768x512.jpg 768w, https:\/\/al.edu.pl\/roboexe\/wp-content\/uploads\/2025\/01\/c6f923e48d634cf0c8da05875f8cbff9-1536x1024.jpg 1536w, https:\/\/al.edu.pl\/roboexe\/wp-content\/uploads\/2025\/01\/c6f923e48d634cf0c8da05875f8cbff9.jpg 2048w\" sizes=\"auto, (max-width: 1024px) 100vw, 1024px\" \/><\/figure>\n\n\n\n<figure class=\"wp-block-image size-large\"><img loading=\"lazy\" decoding=\"async\" width=\"1024\" height=\"683\" data-id=\"273\" src=\"https:\/\/al.edu.pl\/roboexe\/wp-content\/uploads\/2025\/01\/d46d81fbc55e00a471d5b6b91fff611f-1024x683.jpg\" alt=\"\" class=\"wp-image-273\" srcset=\"https:\/\/al.edu.pl\/roboexe\/wp-content\/uploads\/2025\/01\/d46d81fbc55e00a471d5b6b91fff611f-1024x683.jpg 1024w, https:\/\/al.edu.pl\/roboexe\/wp-content\/uploads\/2025\/01\/d46d81fbc55e00a471d5b6b91fff611f-300x200.jpg 300w, https:\/\/al.edu.pl\/roboexe\/wp-content\/uploads\/2025\/01\/d46d81fbc55e00a471d5b6b91fff611f-768x512.jpg 768w, https:\/\/al.edu.pl\/roboexe\/wp-content\/uploads\/2025\/01\/d46d81fbc55e00a471d5b6b91fff611f-1536x1024.jpg 1536w, https:\/\/al.edu.pl\/roboexe\/wp-content\/uploads\/2025\/01\/d46d81fbc55e00a471d5b6b91fff611f.jpg 2048w\" sizes=\"auto, (max-width: 1024px) 100vw, 1024px\" \/><\/figure>\n\n\n\n<figure class=\"wp-block-image size-large\"><img loading=\"lazy\" decoding=\"async\" width=\"1024\" height=\"683\" data-id=\"277\" src=\"https:\/\/al.edu.pl\/roboexe\/wp-content\/uploads\/2025\/01\/f510099c77e041963a7e96b26eca7abf-1024x683.jpg\" alt=\"\" class=\"wp-image-277\" srcset=\"https:\/\/al.edu.pl\/roboexe\/wp-content\/uploads\/2025\/01\/f510099c77e041963a7e96b26eca7abf-1024x683.jpg 1024w, https:\/\/al.edu.pl\/roboexe\/wp-content\/uploads\/2025\/01\/f510099c77e041963a7e96b26eca7abf-300x200.jpg 300w, https:\/\/al.edu.pl\/roboexe\/wp-content\/uploads\/2025\/01\/f510099c77e041963a7e96b26eca7abf-768x512.jpg 768w, https:\/\/al.edu.pl\/roboexe\/wp-content\/uploads\/2025\/01\/f510099c77e041963a7e96b26eca7abf-1536x1024.jpg 1536w, https:\/\/al.edu.pl\/roboexe\/wp-content\/uploads\/2025\/01\/f510099c77e041963a7e96b26eca7abf.jpg 2048w\" sizes=\"auto, (max-width: 1024px) 100vw, 1024px\" \/><\/figure>\n<\/figure>\n<\/div>\n","protected":false},"excerpt":{"rendered":"<p>Jest to Konkurs organizowany przez Wydzia\u0142 Nauk Informatyczno-Technologicznych Akademii \u0141om\u017cy\u0144skiej i skierowany jest do uczni\u00f3w szk\u00f3\u0142 podstawowych, \u015brednich oraz student\u00f3w. Jego organizatorzy zach\u0119caj\u0105 r\u00f3wnie\u017c pasjonat\u00f3w robotyki do udzia\u0142u w wydarzeniu. Konkurs oferuje szereg konkurencji, spo\u015br\u00f3d kt\u00f3rych ka\u017cdy mo\u017ce znale\u017a\u0107 co\u015b dla siebie. Tegoroczny podzia\u0142 wygl\u0105da nast\u0119puj\u0105co: Zadaniem robota jest przejazd wzd\u0142u\u017c wyznaczonej linii w najkr\u00f3tszym [&hellip;]<\/p>\n","protected":false},"author":2,"featured_media":393,"parent":0,"menu_order":0,"comment_status":"closed","ping_status":"closed","template":"","meta":{"footnotes":""},"class_list":["post-106","page","type-page","status-publish","has-post-thumbnail","hentry"],"_links":{"self":[{"href":"https:\/\/al.edu.pl\/roboexe\/index.php?rest_route=\/wp\/v2\/pages\/106","targetHints":{"allow":["GET"]}}],"collection":[{"href":"https:\/\/al.edu.pl\/roboexe\/index.php?rest_route=\/wp\/v2\/pages"}],"about":[{"href":"https:\/\/al.edu.pl\/roboexe\/index.php?rest_route=\/wp\/v2\/types\/page"}],"author":[{"embeddable":true,"href":"https:\/\/al.edu.pl\/roboexe\/index.php?rest_route=\/wp\/v2\/users\/2"}],"replies":[{"embeddable":true,"href":"https:\/\/al.edu.pl\/roboexe\/index.php?rest_route=%2Fwp%2Fv2%2Fcomments&post=106"}],"version-history":[{"count":53,"href":"https:\/\/al.edu.pl\/roboexe\/index.php?rest_route=\/wp\/v2\/pages\/106\/revisions"}],"predecessor-version":[{"id":500,"href":"https:\/\/al.edu.pl\/roboexe\/index.php?rest_route=\/wp\/v2\/pages\/106\/revisions\/500"}],"wp:featuredmedia":[{"embeddable":true,"href":"https:\/\/al.edu.pl\/roboexe\/index.php?rest_route=\/wp\/v2\/media\/393"}],"wp:attachment":[{"href":"https:\/\/al.edu.pl\/roboexe\/index.php?rest_route=%2Fwp%2Fv2%2Fmedia&parent=106"}],"curies":[{"name":"wp","href":"https:\/\/api.w.org\/{rel}","templated":true}]}}