{"id":2,"date":"2023-10-26T13:20:17","date_gmt":"2023-10-26T11:20:17","guid":{"rendered":"https:\/\/al.edu.pl\/olimpiadafizjo\/?page_id=2"},"modified":"2023-11-27T08:59:56","modified_gmt":"2023-11-27T07:59:56","slug":"program","status":"publish","type":"page","link":"https:\/\/al.edu.pl\/olimpiadafizjo\/","title":{"rendered":"Program"},"content":{"rendered":"\n<p>Do udzia\u0142u w I Podlaskiej Olimpiadzie Student\u00f3w Fizjoterapii zapraszamy student\u00f3w kierunku Fizjoterapia nast\u0119puj\u0105cych uczelni:<\/p>\n\n\n\n<ul class=\"wp-block-list\">\n<li>Akademii \u0141om\u017cy\u0144skiej,<\/li>\n\n\n\n<li>Uniwersytetu Medycznego w Bia\u0142ymstoku,<\/li>\n\n\n\n<li>Wy\u017cszej Szko\u0142y Medycznej w Bia\u0142ystoku,<\/li>\n\n\n\n<li>Olszty\u0144skiej Szko\u0142y Wy\u017cszej.<\/li>\n<\/ul>\n\n\n\n<p>Studenci za pomoc\u0105 formularza internetowego (10 os\u00f3b z ka\u017cdej uczelni) zg\u0142aszaj\u0105 ch\u0119\u0107 uczestnictwa w Olimpiadzie w terminie 30.10.2023-30.11.2023r. Drog\u0105 e-mailow\u0105 przyjmujemy zg\u0142oszenia do studenckiej sesji plakatowej.<\/p>\n\n\n\n<p>Dzie\u0144 Olimpiady 07.12.2023r. (czwartek)<\/p>\n\n\n\n<ul class=\"wp-block-list\">\n<li>8:45 &#8211; powitanie uczestnik\u00f3w, warsztat ZEBRIS (firma TECHNOMEX), om\u00f3wienie zasad testu wiedzy;<\/li>\n\n\n\n<li>9:45-10:30 test wiedzy dla Uczestnik\u00f3w<\/li>\n\n\n\n<li>9:45-11:30 drugi warsztat firmy TECHNOMEX (baiobit, EMG Delsys lub systemu inercyjnego Xsense) dla student\u00f3w fizjoterapii<\/li>\n\n\n\n<li>10:30-11:00 sesja plakatowa<\/li>\n\n\n\n<li>10:30-12:30 warsztaty prowadzone dla uczestnik\u00f3w Olimpiady, og\u0142oszenie wynik\u00f3w, rozdanie nagr\u00f3d;<\/li>\n\n\n\n<li>12:30-13:30 przerwa<\/li>\n\n\n\n<li>14:00-16:00 warsztat kardiotenisa (miejsce III LO w \u0141om\u017cy)<\/li>\n<\/ul>\n\n\n\n<p>W dniu Olimpiady odb\u0119dzie si\u0119 sesja plakatowa, w kt\u00f3rej b\u0119d\u0105 mogli wzi\u0105\u0107 udzia\u0142 studenci w\/w uczelni, r\u00f3wnie\u017c ci, kt\u00f3rzy nie b\u0119d\u0105 uczestniczy\u0107 w te\u015bcie wiedzy. Plakaty zostan\u0105 ocenione przez Rad\u0119 Naukow\u0105 Olimpiady.<\/p>\n","protected":false},"excerpt":{"rendered":"<p>Do udzia\u0142u w I Podlaskiej Olimpiadzie Student\u00f3w Fizjoterapii zapraszamy student\u00f3w kierunku Fizjoterapia nast\u0119puj\u0105cych uczelni: Studenci za pomoc\u0105 formularza internetowego (10 os\u00f3b z ka\u017cdej uczelni) zg\u0142aszaj\u0105 ch\u0119\u0107 uczestnictwa w Olimpiadzie w terminie 30.10.2023-30.11.2023r. Drog\u0105 e-mailow\u0105 przyjmujemy zg\u0142oszenia do studenckiej sesji plakatowej. Dzie\u0144 Olimpiady 07.12.2023r. (czwartek) W dniu Olimpiady odb\u0119dzie si\u0119 sesja plakatowa, w kt\u00f3rej b\u0119d\u0105 mogli [&hellip;]<\/p>\n","protected":false},"author":1,"featured_media":0,"parent":0,"menu_order":0,"comment_status":"closed","ping_status":"open","template":"","meta":{"footnotes":""},"class_list":["post-2","page","type-page","status-publish","hentry"],"_links":{"self":[{"href":"https:\/\/al.edu.pl\/olimpiadafizjo\/wp-json\/wp\/v2\/pages\/2","targetHints":{"allow":["GET"]}}],"collection":[{"href":"https:\/\/al.edu.pl\/olimpiadafizjo\/wp-json\/wp\/v2\/pages"}],"about":[{"href":"https:\/\/al.edu.pl\/olimpiadafizjo\/wp-json\/wp\/v2\/types\/page"}],"author":[{"embeddable":true,"href":"https:\/\/al.edu.pl\/olimpiadafizjo\/wp-json\/wp\/v2\/users\/1"}],"replies":[{"embeddable":true,"href":"https:\/\/al.edu.pl\/olimpiadafizjo\/wp-json\/wp\/v2\/comments?post=2"}],"version-history":[{"count":10,"href":"https:\/\/al.edu.pl\/olimpiadafizjo\/wp-json\/wp\/v2\/pages\/2\/revisions"}],"predecessor-version":[{"id":132,"href":"https:\/\/al.edu.pl\/olimpiadafizjo\/wp-json\/wp\/v2\/pages\/2\/revisions\/132"}],"wp:attachment":[{"href":"https:\/\/al.edu.pl\/olimpiadafizjo\/wp-json\/wp\/v2\/media?parent=2"}],"curies":[{"name":"wp","href":"https:\/\/api.w.org\/{rel}","templated":true}]}}