{"id":19,"date":"2023-10-26T14:32:10","date_gmt":"2023-10-26T12:32:10","guid":{"rendered":"https:\/\/al.edu.pl\/olimpiadafizjo\/?page_id=19"},"modified":"2023-11-02T12:57:02","modified_gmt":"2023-11-02T11:57:02","slug":"regulamin","status":"publish","type":"page","link":"https:\/\/al.edu.pl\/olimpiadafizjo\/regulamin\/","title":{"rendered":"Regulamin"},"content":{"rendered":"\n<p><strong>Regulamin Podlaskiej Olimpiady Student\u00f3w Fizjoterapii<\/strong><\/p>\n\n\n\n<p class=\"has-text-align-center\">\u00a71<\/p>\n\n\n\n<p><em>Podlaska Olimpiada Student\u00f3w Fizjoterapii<\/em>, zwana dalej Olimpiad\u0105, jest&nbsp; organizowana przez Zak\u0142ad Fizjoterapii Katedry Nauk o Zdrowiu Akademii \u0141om\u017cy\u0144skiej, zwany dalej Organizatorem. Celem wydarzenia jest doskonalenie wiedzy przysz\u0142ych fizjoterapeut\u00f3w.<\/p>\n\n\n\n<p class=\"has-text-align-center\">\u00a72<\/p>\n\n\n\n<p>W Olimpiadzie mog\u0105 bra\u0107 udzia\u0142 studenci kierunk\u00f3w fizjoterapii (zwani dalej Uczestnikami) nast\u0119puj\u0105cych uczelni: Akademii \u0141om\u017cy\u0144skiej, Uniwersytetu Medycznego w Bia\u0142ymstoku, Wy\u017cszej Szko\u0142y Medycznej w Bia\u0142ystoku, Olszty\u0144skiej Szko\u0142y Wy\u017cszej.<\/p>\n\n\n\n<p class=\"has-text-align-center\">\u00a73<\/p>\n\n\n\n<p>Warunkiem uczestnictwa w Olimpiadzie jest wys\u0142anie zg\u0142oszenia w dniach 30.10- 30.11.2023r. poprzez formularz rejestracyjny udost\u0119pniony przez Organizatora na stronie al.edu.pl<\/p>\n\n\n\n<p>W momencie rezygnacji Uczestnik mo\u017ce wskaza\u0107 osob\u0119, kt\u00f3ra zajmie jego miejsce, jednak\u017ce najp\u00f3\u017aniej do dnia 04.12.2023r. Informacja ta powinna zosta\u0107 wys\u0142ana na adres e-mail: mskwiot@al.edu.pl.<\/p>\n\n\n\n<p class=\"has-text-align-center\">\u00a74<\/p>\n\n\n\n<ol class=\"wp-block-list\" type=\"1\">\n<li>Administratorem Danych Osobowych jest Akademia \u0141om\u017cy\u0144ska \u2013 ul. Akademicka 14, 18-400 \u0141om\u017ca NIP: 718-19-47-148. Aktualne dane kontaktowe do Inspektora ochrony danych dost\u0119pne s\u0105 pod numerem tel. 862168260 lub na stronie internetowej al.edu.pl.<\/li>\n\n\n\n<li>Dane osobowe przetwarza si\u0119 w celu obs\u0142ugi uczestnictwa w Olimpiadzie, na podstawie &nbsp;art. 6 ust. 1 lit. a Rozporz\u0105dzenia RODO tj. udzielonej zgody na przetwarzanie danych &nbsp;osobowych.<\/li>\n\n\n\n<li>Odbiorcami danych osobowych s\u0105 merytorycznie odpowiedzialni pracownicy Akademii \u0141om\u017cy\u0144skiej posiadaj\u0105cy upowa\u017cnienie do przetwarzania danych osobowych zgodnie z art. 28 RODO, inne organy publiczne, kt\u00f3re zwr\u00f3c\u0105 si\u0119 z prawnie uzasadnionym wnioskiem o udost\u0119pnienie danych osobowych. Akademia \u0141om\u017cy\u0144ska nie przewiduje przekazywania danych osobowych do Pa\u0144stwa trzeciego.<\/li>\n\n\n\n<li>Dane b\u0119d\u0105 przechowywane przez okres nie d\u0142u\u017cszy ni\u017c 2 tygodnie od zako\u0144czenia Olimpiady.<\/li>\n\n\n\n<li>Organizator b\u0119dzie zbiera\u0142 od uczestnik\u00f3w nast\u0119puj\u0105ce dane: imi\u0119 i nazwisko, adres email, numer telefonu, wizerunek oraz nazw\u0119 uczelni.<\/li>\n\n\n\n<li>Uczestnik Olimpiady zezwala na wykorzystanie jego imienia i nazwiska w celu informowania (tak\u017ce w mediach i portalach spo\u0142eczno\u015bciowych) o wynikach Olimpiady (dotyczy zaj\u0119cia miejsc na podium i wyr\u00f3\u017cnienia).<\/li>\n\n\n\n<li>Uczestnikowi przys\u0142uguje prawo do \u017c\u0105dania od Akademii \u0141om\u017cy\u0144skiej dost\u0119pu do swoich danych osobowych, ich sprostowania, usuni\u0119cia lub ograniczenia przetwarzania, a tak\u017ce prawo do wniesienia sprzeciwu wobec przetwarzania i prawo do przenoszenia danych.<\/li>\n\n\n\n<li>Uczestnik ma prawo wniesienia skargi na przetwarzanie danych osobowych do organu nadzorczego.<\/li>\n\n\n\n<li>Podanie danych osobowych jest warunkiem niezb\u0119dnym do realizacji uczestnictwa w Olimpiadzie. Niepodanie danych osobowych uniemo\u017cliwi rejestracj\u0119.<\/li>\n\n\n\n<li>W przypadku niedostatecznego zrozumienia znaczenia ww. tre\u015bci mo\u017cliwe jest uzyskanie informacji poprzez kontakt z Inspektorem Ochrony Danych, kt\u00f3rego dane kontaktowe dost\u0119pne s\u0105 na stronie internetowej al.edu.pl oraz pod numerem tel. 86 216 82 60.<\/li>\n<\/ol>\n\n\n\n<p class=\"has-text-align-center\">\u00a75<\/p>\n\n\n\n<p>Olimpiada odb\u0119dzie si\u0119 w jednym etapie. Maksymalna liczba uczestnik\u00f3w z ka\u017cdej uczelni to 10 os\u00f3b. O udziale w Olimpiadzie decyduje kolejno\u015b\u0107 zg\u0142osze\u0144.<\/p>\n\n\n\n<p class=\"has-text-align-center\">\u00a76<\/p>\n\n\n\n<p class=\"has-text-align-left\">Test wiedzy sk\u0142ada\u0107 si\u0119 b\u0119dzie z 40 pyta\u0144 jednokrotnego wyboru. Czas na test wynosi 45 minut. Odpowiedzi udzielane s\u0105 w wersji elektronicznej poprzez platform\u0119 e-learningow\u0105 (spos\u00f3b logowania oraz uzyskania dost\u0119pu do platformy zostanie podany przed rozpocz\u0119ciem Olimpiady na wskazany przez Uczestnika adres e-mail). Uczestnik ma mo\u017cliwo\u015b\u0107 wracania do poprzedniego pytania.<\/p>\n\n\n\n<p class=\"has-text-align-center\">\u00a77<\/p>\n\n\n\n<p>Podczas trwania testu ka\u017cdy Uczestnik zobowi\u0105zany jest do zachowania w tajemnicy tre\u015bci pyta\u0144 oraz odpowiedzi. Ka\u017cda pr\u00f3ba oszustwa (\u015bci\u0105ganie, korzystanie z zewn\u0119trznych \u017ar\u00f3de\u0142 wiedzy &#8211; telefon kom\u00f3rkowy\/ smartwatch) podlega dyskwalifikacji.<\/p>\n\n\n\n<p class=\"has-text-align-center\">\u00a78<\/p>\n\n\n\n<p>W przypadku uzyskania przez kilku Uczestnik\u00f3w r\u00f3wnej liczby punkt\u00f3w uprawniaj\u0105cej do I, Il lub III miejsca Organizator wprowadzi w porozumieniu z Rad\u0105 Naukow\u0105 dogrywk\u0119, tj. test sk\u0142adaj\u0105cy si\u0119 z 10 pyta\u0144. Procedura mo\u017ce by\u0107 powtarzana do momentu rozstrzygni\u0119cia miejsc na podium.<\/p>\n\n\n\n<p class=\"has-text-align-center\">\u00a79<\/p>\n\n\n\n<p>Nagrody otrzymuj\u0105 laureaci trzech pierwszych miejsc i trzech wyr\u00f3\u017cnie\u0144. Nagrod\u0119 otrzymaj\u0105 r\u00f3wnie\u017c studenci za najlepszy plakat.<\/p>\n\n\n\n<p class=\"has-text-align-center\">\u00a710<\/p>\n\n\n\n<p>Do wiadomo\u015bci publicznej podane zostan\u0105 imiona i nazwiska os\u00f3b zajmuj\u0105cych I, II oraz III miejsce, a tak\u017ce wyr\u00f3\u017cnie\u0144. Uczestnicy miejsc spoza podium otrzymaj\u0105 wynik na wskazany przy rejestracji adres e-mail.<\/p>\n\n\n\n<p class=\"has-text-align-center\">\u00a711<\/p>\n\n\n\n<p>Za stron\u0119 merytoryczn\u0105 Olimpiady odpowiada Rada Naukowa powo\u0142ana przez Organizatora.<\/p>\n\n\n\n<p class=\"has-text-align-center\">\u00a712<\/p>\n\n\n\n<p>Za w\u0142a\u015bciwy przebieg Olimpiady odpowiedzialny jest Komitet Organizacyjny powo\u0142any przez Organizatora.<\/p>\n\n\n\n<p class=\"has-text-align-center\">\u00a713<\/p>\n\n\n\n<p>Udzia\u0142 w 1 warsztacie mog\u0105 wzi\u0105\u0107 uczestnicy testu wiedzy.<\/p>\n\n\n\n<p class=\"has-text-align-center\">\u00a714<\/p>\n\n\n\n<p>Udzia\u0142 we wszystkich wydarzeniach podczas Olimpiady jest bezp\u0142atny.<\/p>\n\n\n\n<p class=\"has-text-align-center\">\u00a715<\/p>\n\n\n\n<p>Wysy\u0142aj\u0105c formularz zg\u0142oszeniowy Uczestnik potwierdza zapoznanie si\u0119 z tre\u015bci\u0105 niniejszego Regulaminu.<\/p>\n\n\n\n<p class=\"has-text-align-center\">\u00a716<\/p>\n\n\n\n<p>W sprawach, kt\u00f3rych niniejszy Regulamin nie uwzgl\u0119dnia decydowa\u0107 b\u0119dzie Rada Naukowa oraz Organizator.<\/p>\n\n\n\n<p><strong>Regulamin Studenckiej Sesji Plakatowej<\/strong><\/p>\n\n\n\n<p class=\"has-text-align-center\">\u00a71<\/p>\n\n\n\n<p>INFORMACJE OG\u00d3LNE<\/p>\n\n\n\n<ul class=\"wp-block-list\">\n<li>I Podlaska Olimpiada Student\u00f3w Fizjoterapii odb\u0119dzie si\u0119 w dniu 7 grudnia 2023 r. w \u0141om\u017cy.<\/li>\n\n\n\n<li>Celem Sesji Plakatowej jest zaprezentowanie bada\u0144, opis\u00f3w przypadk\u00f3w, do\u015bwiadcze\u0144 klinicznych zar\u00f3wno teoretycznych, jak i praktycznych z dziedziny fizjoterapii przez student\u00f3w.<\/li>\n\n\n\n<li>Prezentacja plakat\u00f3w odb\u0119dzie si\u0119 w \u015brod\u0119 7 grudnia 2023r.<\/li>\n<\/ul>\n\n\n\n<p class=\"has-text-align-center\">\u00a72<\/p>\n\n\n\n<p>ZG\u0141ASZANIE PLAKAT\u00d3W<\/p>\n\n\n\n<ul class=\"wp-block-list\">\n<li>Warunkiem udzia\u0142u w Sesji Plakatowej jest zg\u0142oszenie streszczenia pracy zgodnie z wymogami okre\u015blonymi w paragrafie 2 ust\u0119p 5 niniejszego Regulaminu na adres olimpiadafizjo@al.edu.pl w terminie do 30 listopada 2023 roku.<\/li>\n\n\n\n<li>Praca mo\u017ce by\u0107 uprzednio publikowana lub prezentowana na kongresach lub konferencjach naukowych.<\/li>\n\n\n\n<li>Autor (Autorzy) prac ponosz\u0105 wy\u0142\u0105czn\u0105 odpowiedzialno\u015b\u0107 za poprawno\u015b\u0107 i oryginalno\u015b\u0107 plakatu.<\/li>\n\n\n\n<li>Jeden uczestnik (prezentuj\u0105cy plakat) mo\u017ce prezentowa\u0107 tylko i wy\u0142\u0105cznie jeden plakat, mimo i\u017c mo\u017ce by\u0107 autorem\/wsp\u00f3\u0142autorem kilku plakat\u00f3w.<\/li>\n\n\n\n<li>Plakat powinien zawiera\u0107 nast\u0119puj\u0105ce informacje: nazwisko i imi\u0119 autora\/autor\u00f3w, opiekuna pracy, nazw\u0119 instytucji, tytu\u0142, cel bada\u0144, zastosowan\u0105 metodologi\u0119, wyniki bada\u0144 i wnioski.<\/li>\n<\/ul>\n\n\n\n<p class=\"has-text-align-center\">\u00a73<\/p>\n\n\n\n<p>TERMINY<\/p>\n\n\n\n<p>Ostateczny termin zg\u0142aszania streszczenia up\u0142ywa 30 listopada 2023 r. Prace zg\u0142oszone po tym terminie nie b\u0119d\u0105 akceptowane.<\/p>\n\n\n\n<p class=\"has-text-align-center\">\u00a74<\/p>\n\n\n\n<p>TEMATYKA ZG\u0141ASZANEJ PRACY<\/p>\n\n\n\n<p>Tematyka zg\u0142aszanych prac powinna dotyczy\u0107 bada\u0144, obserwacji, opis\u00f3w przypadk\u00f3w, do\u015bwiadcze\u0144 klinicznych zar\u00f3wno teoretycznych, jak i praktycznych z dziedziny fizjoterapii.<\/p>\n\n\n\n<p class=\"has-text-align-center\">\u00a75<\/p>\n\n\n\n<p>OCENA PRAC<\/p>\n\n\n\n<ol class=\"wp-block-list\">\n<li>Oceny prac dokona Rada Naukowa powo\u0142ana przez Organizatora.<\/li>\n\n\n\n<li>Organizator nie przewiduje odwo\u0142ania od decyzji Rady Naukowej.<\/li>\n\n\n\n<li>Kryteria oceny prac:\n<ul class=\"wp-block-list\">\n<li>tre\u015b\u0107, warto\u015b\u0107 merytoryczna,<\/li>\n\n\n\n<li>oryginalno\u015b\u0107,<\/li>\n\n\n\n<li>metodyka,<\/li>\n\n\n\n<li>przydatno\u015b\u0107 dla praktyki klinicznej,<\/li>\n\n\n\n<li>spos\u00f3b prezentacji zagadnienia.<\/li>\n<\/ul>\n<\/li>\n<\/ol>\n\n\n\n<p class=\"has-text-align-center\">\u00a76<\/p>\n\n\n\n<p>PREZENTACJA PLAKAT\u00d3W<\/p>\n\n\n\n<ol class=\"wp-block-list\">\n<li>Sesja plakatowa odb\u0119dzie si\u0119 w \u015brod\u0119, 7 grudnia w godzinach 10.15-11.00. Autorzy prac s\u0105 zobowi\u0105zani do prezentacji plakatu wed\u0142ug ustalonej przez Organizatora kolejno\u015bci.<\/li>\n\n\n\n<li>Poster powinien zosta\u0107 przygotowany w formacie <strong>A2 (420\u00d7594 mm) w orientacji pionowej.<\/strong><\/li>\n\n\n\n<li>Niestawiennictwo uczestnika (prezentuj\u0105cego plakat) pracy zakwalifikowanej do prezentacji podczas Sesji Plakatowej skutkuje wycofaniem plakatu z konkursu.<\/li>\n\n\n\n<li>Po ocenie plakat\u00f3w przez Rad\u0119 Naukow\u0105, Organizator przyzna nagrody dla autor\u00f3w najlepszej pracy.<\/li>\n<\/ol>\n\n\n\n<p class=\"has-text-align-center\">\u00a77<\/p>\n\n\n\n<p>INFORMACJA<\/p>\n\n\n\n<ul class=\"wp-block-list\">\n<li>Podanie danych: imi\u0119 i nazwisko, e-mail, afiliacja (miejsce pracy) jest niezb\u0119dne do zg\u0142oszenia pracy do Sesji Plakatowej. Zg\u0142aszaj\u0105c sw\u00f3j udzia\u0142 w Sesji Plakatowej Autor (Autorzy) wyra\u017caj\u0105 zgod\u0119 na przetwarzanie danych osobowych zgodnie z ustaw\u0105 z dnia 10 maja 2018 r. o Ochronie Danych Osobowych.<\/li>\n\n\n\n<li>Podanie danych jest dobrowolne, ale brak zgody uniemo\u017cliwia zg\u0142oszenie pracy do konkursu.<\/li>\n\n\n\n<li>Ka\u017cdy autor ma prawo wgl\u0105du do swoich danych, ich poprawiania, zarz\u0105dzania, zaprzestania przetwarzania oraz za\u017c\u0105dania ich usuni\u0119cia.<\/li>\n<\/ul>\n","protected":false},"excerpt":{"rendered":"<p>Regulamin Podlaskiej Olimpiady Student\u00f3w Fizjoterapii \u00a71 Podlaska Olimpiada Student\u00f3w Fizjoterapii, zwana dalej Olimpiad\u0105, jest&nbsp; organizowana przez Zak\u0142ad Fizjoterapii Katedry Nauk o Zdrowiu Akademii \u0141om\u017cy\u0144skiej, zwany dalej Organizatorem. Celem wydarzenia jest doskonalenie wiedzy przysz\u0142ych fizjoterapeut\u00f3w. \u00a72 W Olimpiadzie mog\u0105 bra\u0107 udzia\u0142 studenci kierunk\u00f3w fizjoterapii (zwani dalej Uczestnikami) nast\u0119puj\u0105cych uczelni: Akademii \u0141om\u017cy\u0144skiej, Uniwersytetu Medycznego w Bia\u0142ymstoku, Wy\u017cszej [&hellip;]<\/p>\n","protected":false},"author":1,"featured_media":0,"parent":0,"menu_order":0,"comment_status":"closed","ping_status":"closed","template":"","meta":{"footnotes":""},"class_list":["post-19","page","type-page","status-publish","hentry"],"_links":{"self":[{"href":"https:\/\/al.edu.pl\/olimpiadafizjo\/wp-json\/wp\/v2\/pages\/19","targetHints":{"allow":["GET"]}}],"collection":[{"href":"https:\/\/al.edu.pl\/olimpiadafizjo\/wp-json\/wp\/v2\/pages"}],"about":[{"href":"https:\/\/al.edu.pl\/olimpiadafizjo\/wp-json\/wp\/v2\/types\/page"}],"author":[{"embeddable":true,"href":"https:\/\/al.edu.pl\/olimpiadafizjo\/wp-json\/wp\/v2\/users\/1"}],"replies":[{"embeddable":true,"href":"https:\/\/al.edu.pl\/olimpiadafizjo\/wp-json\/wp\/v2\/comments?post=19"}],"version-history":[{"count":16,"href":"https:\/\/al.edu.pl\/olimpiadafizjo\/wp-json\/wp\/v2\/pages\/19\/revisions"}],"predecessor-version":[{"id":107,"href":"https:\/\/al.edu.pl\/olimpiadafizjo\/wp-json\/wp\/v2\/pages\/19\/revisions\/107"}],"wp:attachment":[{"href":"https:\/\/al.edu.pl\/olimpiadafizjo\/wp-json\/wp\/v2\/media?parent=19"}],"curies":[{"name":"wp","href":"https:\/\/api.w.org\/{rel}","templated":true}]}}