{"id":61,"date":"2023-09-11T12:21:34","date_gmt":"2023-09-11T10:21:34","guid":{"rendered":"https:\/\/al.edu.pl\/mba\/?page_id=61"},"modified":"2025-02-18T14:16:22","modified_gmt":"2025-02-18T13:16:22","slug":"oferta","status":"publish","type":"page","link":"https:\/\/al.edu.pl\/mba\/oferta\/","title":{"rendered":"Oferta"},"content":{"rendered":"\n<h3 class=\"wp-block-heading has-system-font-font-family has-large-font-size\" style=\"font-style:normal;font-weight:700\">Cel kszta\u0142cenia:<\/h3>\n\n\n\n<p>G\u0142\u00f3wnym celem kszta\u0142cenia na studiach MBA w Akademii \u0141om\u017cy\u0144skiej jest podniesienie kompetencji mened\u017cerskich i przyw\u00f3dczych os\u00f3b, kt\u00f3re ju\u017c&nbsp;pracuj\u0105 na stanowiskach kierowniczych, poprzez dostarczenie im praktycznej i teoretycznej wiedzy niezb\u0119dnej do zarz\u0105dzania organizacj\u0105 przysz\u0142o\u015bci.<\/p>\n\n\n\n<h3 class=\"wp-block-heading has-system-font-font-family has-large-font-size\" style=\"font-style:normal;font-weight:700\">&nbsp;Adresaci:<\/h3>\n\n\n\n<ul class=\"wp-block-list\">\n<li>osoby pe\u0142ni\u0105ce funkcje zarz\u0105dcze w przedsi\u0119biorstwach produkcyjnych, handlowych, us\u0142ugowych lub organizacjach innego typu,<\/li>\n\n\n\n<li>pracownicy administracji samorz\u0105dowej i rz\u0105dowej,<\/li>\n\n\n\n<li>kandydaci na cz\u0142onk\u00f3w Rad Nadzorczych,<\/li>\n\n\n\n<li>osoby otwarte na pozyskiwanie nowej wiedzy i umiej\u0119tno\u015bci, kt\u00f3re pragn\u0105 w spos\u00f3b ci\u0105g\u0142y rozwija\u0107 kompetencje\u202fmened\u017cerskie.<\/li>\n<\/ul>\n\n\n\n<h3 class=\"wp-block-heading has-system-font-font-family has-large-font-size\" style=\"font-style:normal;font-weight:700\">Wymagania rekrutacyjne:<\/h3>\n\n\n\n<ul class=\"wp-block-list\">\n<li>dyplom uko\u0144czenia studi\u00f3w wy\u017cszych,<\/li>\n\n\n\n<li>udokumentowane przynajmniej 3-letnie do\u015bwiadczenie zawodowe, w tym nie kr\u00f3tsze ni\u017c 1 rok pe\u0142nienie funkcji kierowniczych lub mened\u017cerskich w organizacjach r\u00f3\u017cnego typu (jako mened\u017cer wy\u017cszego lub przynajmniej \u015bredniego szczebla, przez okres nie kr\u00f3tszy ni\u017c 1 rok)<\/li>\n<\/ul>\n\n\n\n<p>Op\u0142ata rekrutacyjna: 100 z\u0142<\/p>\n\n\n\n<h3 class=\"wp-block-heading has-system-font-font-family has-large-font-size\" style=\"font-style:normal;font-weight:700\">Wysoko\u015b\u0107 czesnego:<\/h3>\n\n\n\n<ul class=\"wp-block-list\">\n<li>12500,00 op\u0142ata jednorazowa<\/li>\n\n\n\n<li>13500,00 op\u0142ata w dw\u00f3ch ratach<\/li>\n\n\n\n<li>14500,00 op\u0142ata roz\u0142o\u017cona w 10 ratach<\/li>\n<\/ul>\n\n\n\n<p>Liczba semestr\u00f3w: 2 semestry<\/p>\n\n\n\n<p>Tryb prowadzenia zaj\u0119\u0107: hybrydowy (sobota, niedziela)<\/p>\n\n\n\n<p><a href=\"https:\/\/al.edu.pl\/wnsh\/images\/studia-podyplomowe\/mba\/MBA_-_plan_studi%C3%B3w.pdf\">Plan studi\u00f3w (pdf)<\/a><\/p>\n\n\n\n<p>Kierownik Studi\u00f3w: dr in\u017c. Stanis\u0142aw Kaczy\u0144ski<\/p>\n\n\n\n<p>Zast\u0119pca Kierownika: dr Urszula Widelska<\/p>\n\n\n\n<p><a href=\"https:\/\/rekrutacja.al.edu.pl\/pl\/\" data-type=\"link\" data-id=\"https:\/\/rekrutacja.al.edu.pl\/pl\/\">Rekrutacja on-line<\/a><\/p>\n","protected":false},"excerpt":{"rendered":"<p>Cel kszta\u0142cenia: G\u0142\u00f3wnym celem kszta\u0142cenia na studiach MBA w Akademii \u0141om\u017cy\u0144skiej jest podniesienie kompetencji mened\u017cerskich i przyw\u00f3dczych os\u00f3b, kt\u00f3re ju\u017c&nbsp;pracuj\u0105 na stanowiskach kierowniczych, poprzez dostarczenie im praktycznej i teoretycznej wiedzy niezb\u0119dnej do zarz\u0105dzania organizacj\u0105 przysz\u0142o\u015bci. &nbsp;Adresaci: Wymagania rekrutacyjne: Op\u0142ata rekrutacyjna: 100 z\u0142 Wysoko\u015b\u0107 czesnego: Liczba semestr\u00f3w: 2 semestry Tryb prowadzenia zaj\u0119\u0107: hybrydowy (sobota, niedziela) Plan [&hellip;]<\/p>\n","protected":false},"author":1,"featured_media":0,"parent":0,"menu_order":0,"comment_status":"closed","ping_status":"closed","template":"","meta":{"footnotes":""},"class_list":["post-61","page","type-page","status-publish","hentry"],"_links":{"self":[{"href":"https:\/\/al.edu.pl\/mba\/wp-json\/wp\/v2\/pages\/61","targetHints":{"allow":["GET"]}}],"collection":[{"href":"https:\/\/al.edu.pl\/mba\/wp-json\/wp\/v2\/pages"}],"about":[{"href":"https:\/\/al.edu.pl\/mba\/wp-json\/wp\/v2\/types\/page"}],"author":[{"embeddable":true,"href":"https:\/\/al.edu.pl\/mba\/wp-json\/wp\/v2\/users\/1"}],"replies":[{"embeddable":true,"href":"https:\/\/al.edu.pl\/mba\/wp-json\/wp\/v2\/comments?post=61"}],"version-history":[{"count":8,"href":"https:\/\/al.edu.pl\/mba\/wp-json\/wp\/v2\/pages\/61\/revisions"}],"predecessor-version":[{"id":405,"href":"https:\/\/al.edu.pl\/mba\/wp-json\/wp\/v2\/pages\/61\/revisions\/405"}],"wp:attachment":[{"href":"https:\/\/al.edu.pl\/mba\/wp-json\/wp\/v2\/media?parent=61"}],"curies":[{"name":"wp","href":"https:\/\/api.w.org\/{rel}","templated":true}]}}

<h3 class="wp-block-heading has-system-font-font-family has-large-font-size" style="font-style:normal;font-weight:700">Cel kształcenia:</h3>



<p>Głównym celem kształcenia na studiach MBA w Akademii Łomżyńskiej jest podniesienie kompetencji menedżerskich i przywódczych osób, które już&nbsp;pracują na stanowiskach kierowniczych, poprzez dostarczenie im praktycznej i teoretycznej wiedzy niezbędnej do zarządzania organizacją przyszłości.</p>



<h3 class="wp-block-heading has-system-font-font-family has-large-font-size" style="font-style:normal;font-weight:700">&nbsp;Adresaci:</h3>



<ul class="wp-block-list">
<li>osoby pełniące funkcje zarządcze w przedsiębiorstwach produkcyjnych, handlowych, usługowych lub organizacjach innego typu,</li>



<li>pracownicy administracji samorządowej i rządowej,</li>



<li>kandydaci na członków Rad Nadzorczych,</li>



<li>osoby otwarte na pozyskiwanie nowej wiedzy i umiejętności, które pragną w sposób ciągły rozwijać kompetencje menedżerskie.</li>
</ul>



<h3 class="wp-block-heading has-system-font-font-family has-large-font-size" style="font-style:normal;font-weight:700">Wymagania rekrutacyjne:</h3>



<ul class="wp-block-list">
<li>dyplom ukończenia studiów wyższych,</li>



<li>udokumentowane przynajmniej 3-letnie doświadczenie zawodowe, w tym nie krótsze niż 1 rok pełnienie funkcji kierowniczych lub menedżerskich w organizacjach różnego typu (jako menedżer wyższego lub przynajmniej średniego szczebla, przez okres nie krótszy niż 1 rok)</li>
</ul>



<p>Opłata rekrutacyjna: 100 zł</p>



<h3 class="wp-block-heading has-system-font-font-family has-large-font-size" style="font-style:normal;font-weight:700">Wysokość czesnego:</h3>



<ul class="wp-block-list">
<li>12500,00 opłata jednorazowa</li>



<li>13500,00 opłata w dwóch ratach</li>



<li>14500,00 opłata rozłożona w 10 ratach</li>
</ul>



<p>Liczba semestrów: 2 semestry</p>



<p>Tryb prowadzenia zajęć: hybrydowy (sobota, niedziela)</p>



<p><a href="https://al.edu.pl/wnsh/images/studia-podyplomowe/mba/MBA_-_plan_studi%C3%B3w.pdf">Plan studiów (pdf)</a></p>



<p>Kierownik Studiów: dr inż. Stanisław Kaczyński</p>



<p>Zastępca Kierownika: dr Urszula Widelska</p>



<p><a href="https://rekrutacja.al.edu.pl/pl/" data-type="link" data-id="https://rekrutacja.al.edu.pl/pl/">Rekrutacja on-line</a></p>

<p>Cel kształcenia: Głównym celem kształcenia na studiach MBA w Akademii Łomżyńskiej jest podniesienie kompetencji menedżerskich i przywódczych osób, które już&nbsp;pracują na stanowiskach kierowniczych, poprzez dostarczenie im praktycznej i teoretycznej wiedzy niezbędnej do zarządzania organizacją przyszłości. &nbsp;Adresaci: Wymagania rekrutacyjne: Opłata rekrutacyjna: 100 zł Wysokość czesnego: Liczba semestrów: 2 semestry Tryb prowadzenia zajęć: hybrydowy (sobota, niedziela) Plan [&hellip;]</p>
