{"id":20,"date":"2023-05-05T11:46:35","date_gmt":"2023-05-05T09:46:35","guid":{"rendered":"https:\/\/ansl.edu.pl\/sdbz\/?page_id=20"},"modified":"2025-05-15T14:29:43","modified_gmt":"2025-05-15T12:29:43","slug":"o-kampanii","status":"publish","type":"page","link":"https:\/\/al.edu.pl\/kebz\/","title":{"rendered":"O kampanii"},"content":{"rendered":"\n<p>Wydzia\u0142 Nauk o Zdrowiu Akademii \u0141om\u017cy\u0144skiej ma zaszczyt zaprosi\u0107 uczni\u00f3w szk\u00f3\u0142 \u015brednich, nauczycieli oraz przedstawicieli instytucji i bran\u017cy rolno-spo\u017cywczej do udzia\u0142u w III edycji Kampanii Edukacyjnej \u201eBezpiecze\u0144stwo \u017bywno\u015bci\u201d, kt\u00f3ra w tym roku zosta\u0142a wzbogacona o nowe has\u0142o przewodnie: \u201eZdrowy styl \u017cycia\u201d.<\/p>\n\n\n\n<p><\/p>\n\n\n\n<p>To wydarzenie stanowi nie tylko kontynuacj\u0119 dobrze znanej inicjatywy edukacyjnej, ale tak\u017ce jej rozwini\u0119cie \u2013 zar\u00f3wno pod wzgl\u0119dem tre\u015bci, jak i formy. G\u0142\u00f3wnym celem Kampanii pozostaje zwi\u0119kszanie \u015bwiadomo\u015bci m\u0142odych ludzi jako konsument\u00f3w, popularyzacja wiedzy o jako\u015bci, bezpiecze\u0144stwie i autentyczno\u015bci \u017cywno\u015bci, a tak\u017ce promocja zdrowych nawyk\u00f3w \u017cywieniowych i stylu \u017cycia. Kampania ma r\u00f3wnie\u017c charakter integruj\u0105cy \u2013 \u0142\u0105czy \u015bwiat nauki, edukacji i praktyki, umo\u017cliwiaj\u0105c wymian\u0119 do\u015bwiadcze\u0144 mi\u0119dzy uczestnikami z r\u00f3\u017cnych \u015brodowisk.<\/p>\n\n\n\n<figure class=\"wp-block-embed is-type-video is-provider-youtube wp-block-embed-youtube wp-embed-aspect-16-9 wp-has-aspect-ratio\"><div class=\"wp-block-embed__wrapper\">\n<iframe loading=\"lazy\" title=\"III edycja Kampanii Edukacyjnej\" width=\"1140\" height=\"641\" src=\"https:\/\/www.youtube.com\/embed\/WQ6lmLy2zQw?feature=oembed\" frameborder=\"0\" allow=\"accelerometer; autoplay; clipboard-write; encrypted-media; gyroscope; picture-in-picture; web-share\" referrerpolicy=\"strict-origin-when-cross-origin\" allowfullscreen><\/iframe>\n<\/div><\/figure>\n\n\n\n<p>W tym roku zaplanowano szereg wyk\u0142ad\u00f3w, podczas kt\u00f3rych uznani specjali\u015bci przybli\u017c\u0105 uczestnikom niezwykle aktualne tematy, takie jak: adaptogeny, nutrigenetyka oraz zdrowe nawyki \u017cywieniowe i aktywno\u015b\u0107 fizyczna.<\/p>\n\n\n\n<p>Zwie\u0144czeniem cz\u0119\u015bci naukowej b\u0119dzie piknik edukacyjno-kulinarny, podczas kt\u00f3rego uczestnicy b\u0119d\u0105 mieli okazj\u0119 skosztowa\u0107 potraw przygotowanych przez student\u00f3w i pracownik\u00f3w Akademii.<br>Kampania to nie tylko dawka wiedzy, ale te\u017c inspiracja, motywacja i okazja do integracji.<\/p>\n\n\n\n<p>Czekamy na Was 6 czerwca o godzinie 10:00 w Auli im. prof. Antoniego Jakubczaka w Akademii \u0141om\u017cy\u0144skiej.<\/p>\n\n\n\n<p>Nie\u00a0mo\u017ce\u00a0Was\u00a0zabrakn\u0105\u0107!<\/p>\n\n\n\n<p>Transmitowane na \u017cywo <a href=\"https:\/\/www.youtube.com\/watch?v=LhVCyKmOYTk\" data-type=\"URL\" data-id=\"https:\/\/www.youtube.com\/@pwsiip\/streams\">na kanale internetowym Uczelni<\/a><\/p>\n","protected":false},"excerpt":{"rendered":"<p>Wydzia\u0142 Nauk o Zdrowiu Akademii \u0141om\u017cy\u0144skiej ma zaszczyt zaprosi\u0107 uczni\u00f3w szk\u00f3\u0142 \u015brednich, nauczycieli oraz przedstawicieli instytucji i bran\u017cy rolno-spo\u017cywczej do udzia\u0142u w III edycji Kampanii Edukacyjnej \u201eBezpiecze\u0144stwo \u017bywno\u015bci\u201d, kt\u00f3ra w [&hellip;]<\/p>\n","protected":false},"author":1,"featured_media":0,"parent":0,"menu_order":0,"comment_status":"closed","ping_status":"closed","template":"","meta":{"footnotes":""},"class_list":["post-20","page","type-page","status-publish","hentry"],"_links":{"self":[{"href":"https:\/\/al.edu.pl\/kebz\/wp-json\/wp\/v2\/pages\/20","targetHints":{"allow":["GET"]}}],"collection":[{"href":"https:\/\/al.edu.pl\/kebz\/wp-json\/wp\/v2\/pages"}],"about":[{"href":"https:\/\/al.edu.pl\/kebz\/wp-json\/wp\/v2\/types\/page"}],"author":[{"embeddable":true,"href":"https:\/\/al.edu.pl\/kebz\/wp-json\/wp\/v2\/users\/1"}],"replies":[{"embeddable":true,"href":"https:\/\/al.edu.pl\/kebz\/wp-json\/wp\/v2\/comments?post=20"}],"version-history":[{"count":17,"href":"https:\/\/al.edu.pl\/kebz\/wp-json\/wp\/v2\/pages\/20\/revisions"}],"predecessor-version":[{"id":172,"href":"https:\/\/al.edu.pl\/kebz\/wp-json\/wp\/v2\/pages\/20\/revisions\/172"}],"wp:attachment":[{"href":"https:\/\/al.edu.pl\/kebz\/wp-json\/wp\/v2\/media?parent=20"}],"curies":[{"name":"wp","href":"https:\/\/api.w.org\/{rel}","templated":true}]}}