{"id":1894,"date":"2026-06-19T10:46:19","date_gmt":"2026-06-19T08:46:19","guid":{"rendered":"https:\/\/al.edu.pl\/bk2026\/?page_id=1894"},"modified":"2026-08-28T13:05:01","modified_gmt":"2026-08-28T11:05:01","slug":"pracodawca","status":"publish","type":"page","link":"https:\/\/al.edu.pl\/biuro-karier\/pracodawca\/","title":{"rendered":"Pracodawca"},"content":{"rendered":"<div class=\"breadcrumbs align wp-block-bcn-breadcrumb-trail has-text-color has-background\" vocab=\"https:\/\/schema.org\/\" typeof=\"BreadcrumbList\">\n\t<span>Jeste\u015b tutaj:  <\/span>\n\t<span property=\"itemListElement\" typeof=\"ListItem\"><a property=\"item\" typeof=\"WebPage\" title=\"Przejd\u017a do Biuro Karier 2026.\" href=\"https:\/\/al.edu.pl\/biuro-karier\" class=\"home\" aria-current=\"page\"><span property=\"name\">Strona g\u0142\u00f3wna<\/span><\/a><meta property=\"position\" content=\"1\"><\/span><\/div>\n\n\n\n<style data-wp-block-html=\"css\">\n.content .career-cta__button {\n    display: inline-flex;\n    align-items: center;\n    justify-content: center;\n    width: fit-content;\n    margin-top: auto;\n    padding: 12px 24px;\n    background: var(--primary);\n    color: #fff;\n    border-radius: 30px;\n    font-size: 15px;\n    font-weight: 600;\n    transition:\n        background-color .2s ease,\n        transform .2s ease;\n}\n\n.employer-zone {\n\n    max-width: 1200px;\n\n    margin: 0 auto;\n\n}\n\n\n\/* Nag\u0142\u00f3wek *\/\n\n.employer-zone-header {\n\n    text-align: center;\n\n    margin-bottom: 50px;\n\n}\n\n\n.employer-zone-header h1 {\n\n    color: var(--text);\n\n    font-size: clamp(32px, 5vw, 48px);\n\n    margin-bottom: 16px;\n\n}\n\n\n.employer-zone-header p {\n\n    max-width: 750px;\n\n    margin: 0 auto;\n\n    color: var(--text);\n\n    font-size: 18px;\n\n    line-height: 1.7;\n\n}\n\n\n\n\/* Kafelki *\/\n\n.employer-grid {\n\n    display: grid;\n\n    grid-template-columns: repeat(3, 1fr);\n\n    gap: 30px;\n\n}\n\n\n\n.employer-card {\n\n    display: flex;\n\n    flex-direction: column;\n\n\n    background: #fff;\n\n    border: 1px solid var(--border);\n\n    border-radius: 18px;\n\n\n    padding: 35px;\n\n\n    text-decoration: none;\n\n    color: var(--text);\n\n\n    transition:\n        transform .25s ease,\n        box-shadow .25s ease,\n        border-color .25s ease;\n\n}\n\n\n\n.employer-card:hover {\n\n    border-color: var(--primary-hover);\n\n    box-shadow: 0 15px 35px rgba(0,0,0,.12);\n\n    transform: translateY(-6px);\n\n}\n\n\n\n.employer-card:focus-visible {\n\n    outline: 4px solid var(--focus);\n\n    outline-offset: 5px;\n\n}\n\n\n\n\/* Ikony Dashicons *\/\n\n.employer-icon {\n    display: flex;\n    align-items: center;\n    justify-content: center;\n    width: 60px;\n    height: 60px;\n    margin-bottom: 22px;\n    font-size: 34px;\n    background: #f5f7f3;\n    border-radius: 50%;\n}\n\n\n\n\/* Tekst *\/\n\n.employer-card h2 {\n\n    font-size: 28px;\n\n    color: var(--text);\n\n    margin: 0 0 15px;\n\n}\n\n\n\n.employer-card p {\n\n    color: var(--text);\n\n    line-height: 1.7;\n\n    flex-grow: 1;\n\n}\n\n\n\n\/* Link *\/\n\n.employer-link {\n\n    margin-top: 25px;\n\n    color: var(--primary);\n\n    font-weight: 700;\n\n}\n\n\n\n.employer-link::after {\n\n    content: \" \u2192\";\n\n}\n\n\n\n\/* Responsywno\u015b\u0107 *\/\n\n@media(max-width:900px){\n\n    .employer-grid {\n\n        grid-template-columns:1fr;\n\n    }\n\n}\n\n\n\n\/* Redukcja animacji *\/\n\n@media(prefers-reduced-motion:reduce){\n\n    .employer-card {\n\n        transition:none;\n\n    }\n\n\n    .employer-card:hover {\n\n        transform:none;\n\n    }\n\n}\n<\/style>\n\n<section class=\"employer-zone\" aria-labelledby=\"employer-zone-title\">\n\n    <header class=\"employer-zone-header\">\n        <h1 id=\"employer-zone-title\">\n            Strefa Pracodawcy\n        <\/h1>\n\n        <p>\n            Nawi\u0105\u017c wsp\u00f3\u0142prac\u0119 z uczelni\u0105, dotrzyj do student\u00f3w\n            i absolwent\u00f3w oraz zaprezentuj swoj\u0105 ofert\u0119.\n        <\/p>\n    <\/header>\n\n\n    <nav class=\"employer-grid\" aria-label=\"Sekcje dla pracodawc\u00f3w\">\n\n\n        <a class=\"employer-card\" href=\"\/biuro-karier\/pracodawca\/wspolpraca\/\">\n\n            <span class=\"employer-icon dashicons dashicons-groups\" aria-hidden=\"true\"><\/span>\n\n            <h2>\n                Wsp\u00f3\u0142praca\n            <\/h2>\n\n            <p>\n                Dowiedz si\u0119, jak mo\u017cesz wsp\u00f3\u0142pracowa\u0107 z uczelni\u0105,\n                wspiera\u0107 rozw\u00f3j student\u00f3w i pozyskiwa\u0107 przysz\u0142ych pracownik\u00f3w.\n            <\/p>\n\n            <span class=\"career-cta__button\">Przejd\u017a<\/span>\n            <\/a>\n\n        \n\n\n        <a class=\"employer-card\" href=\"\/biuro-karier\/pracodawca\/zglos-oferte\/\">\n\n            <span class=\"employer-icon dashicons dashicons-megaphone\" aria-hidden=\"true\"><\/span>\n\n            <h2>\n                Zg\u0142o\u015b ofert\u0119\n            <\/h2>\n\n            <p>\n                Dodaj ofert\u0119 pracy, praktyki lub sta\u017cu i dotrzyj\n                do student\u00f3w oraz absolwent\u00f3w.\n            <\/p>\n\n            <span class=\"career-cta__button\">Przejd\u017a<\/span>\n            <\/a>\n\n        \n\n\n        <a class=\"employer-card\" href=\"\/biuro-karier\/pracodawca\/targi-pracy\/\">\n\n            <span class=\"employer-icon dashicons dashicons-calendar-alt\" aria-hidden=\"true\"><\/span>\n\n            <h2>\n                Targi pracy\n            <\/h2>\n\n            <p>\n                Poznaj mo\u017cliwo\u015bci udzia\u0142u w targach pracy,\n                wydarzeniach i spotkaniach z kandydatami.\n            <\/p>\n\n            <span class=\"career-cta__button\">Przejd\u017a<\/span>\n            <\/a>\n\n        \n\n\n    <\/nav>\n\n<\/section>\n","protected":false},"excerpt":{"rendered":"<p>Strefa Pracodawcy Nawi\u0105\u017c wsp\u00f3\u0142prac\u0119 z uczelni\u0105, dotrzyj do student\u00f3w i absolwent\u00f3w oraz zaprezentuj swoj\u0105 ofert\u0119. Wsp\u00f3\u0142praca Dowiedz si\u0119, jak mo\u017cesz wsp\u00f3\u0142pracowa\u0107 z uczelni\u0105, wspiera\u0107 rozw\u00f3j student\u00f3w i pozyskiwa\u0107 przysz\u0142ych pracownik\u00f3w. Przejd\u017a Zg\u0142o\u015b ofert\u0119 Dodaj ofert\u0119 pracy, praktyki lub sta\u017cu i dotrzyj do student\u00f3w oraz absolwent\u00f3w. Przejd\u017a Targi pracy Poznaj mo\u017cliwo\u015bci udzia\u0142u w targach pracy, wydarzeniach [&hellip;]<\/p>\n","protected":false},"author":3,"featured_media":0,"parent":0,"menu_order":0,"comment_status":"closed","ping_status":"closed","template":"","meta":{"footnotes":""},"class_list":["post-1894","page","type-page","status-publish","hentry"],"_links":{"self":[{"href":"https:\/\/al.edu.pl\/biuro-karier\/wp-json\/wp\/v2\/pages\/1894","targetHints":{"allow":["GET"]}}],"collection":[{"href":"https:\/\/al.edu.pl\/biuro-karier\/wp-json\/wp\/v2\/pages"}],"about":[{"href":"https:\/\/al.edu.pl\/biuro-karier\/wp-json\/wp\/v2\/types\/page"}],"author":[{"embeddable":true,"href":"https:\/\/al.edu.pl\/biuro-karier\/wp-json\/wp\/v2\/users\/3"}],"replies":[{"embeddable":true,"href":"https:\/\/al.edu.pl\/biuro-karier\/wp-json\/wp\/v2\/comments?post=1894"}],"version-history":[{"count":10,"href":"https:\/\/al.edu.pl\/biuro-karier\/wp-json\/wp\/v2\/pages\/1894\/revisions"}],"predecessor-version":[{"id":2460,"href":"https:\/\/al.edu.pl\/biuro-karier\/wp-json\/wp\/v2\/pages\/1894\/revisions\/2460"}],"wp:attachment":[{"href":"https:\/\/al.edu.pl\/biuro-karier\/wp-json\/wp\/v2\/media?parent=1894"}],"curies":[{"name":"wp","href":"https:\/\/api.w.org\/{rel}","templated":true}]}}

<div class="breadcrumbs align wp-block-bcn-breadcrumb-trail has-text-color has-background" vocab="https://schema.org/" typeof="BreadcrumbList">
	<span>Jesteś tutaj:  </span>
	<span property="itemListElement" typeof="ListItem"><a property="item" typeof="WebPage" title="Przejdź do Biuro Karier 2026." href="https://al.edu.pl/biuro-karier" class="home" aria-current="page"><span property="name">Strona główna</span></a><meta property="position" content="1"></span></div>



<style data-wp-block-html="css">
.content .career-cta__button {
    display: inline-flex;
    align-items: center;
    justify-content: center;
    width: fit-content;
    margin-top: auto;
    padding: 12px 24px;
    background: var(--primary);
    color: #fff;
    border-radius: 30px;
    font-size: 15px;
    font-weight: 600;
    transition:
        background-color .2s ease,
        transform .2s ease;
}

.employer-zone {

    max-width: 1200px;

    margin: 0 auto;

}


/* Nagłówek */

.employer-zone-header {

    text-align: center;

    margin-bottom: 50px;

}


.employer-zone-header h1 {

    color: var(--text);

    font-size: clamp(32px, 5vw, 48px);

    margin-bottom: 16px;

}


.employer-zone-header p {

    max-width: 750px;

    margin: 0 auto;

    color: var(--text);

    font-size: 18px;

    line-height: 1.7;

}



/* Kafelki */

.employer-grid {

    display: grid;

    grid-template-columns: repeat(3, 1fr);

    gap: 30px;

}



.employer-card {

    display: flex;

    flex-direction: column;


    background: #fff;

    border: 1px solid var(--border);

    border-radius: 18px;


    padding: 35px;


    text-decoration: none;

    color: var(--text);


    transition:
        transform .25s ease,
        box-shadow .25s ease,
        border-color .25s ease;

}



.employer-card:hover {

    border-color: var(--primary-hover);

    box-shadow: 0 15px 35px rgba(0,0,0,.12);

    transform: translateY(-6px);

}



.employer-card:focus-visible {

    outline: 4px solid var(--focus);

    outline-offset: 5px;

}



/* Ikony Dashicons */

.employer-icon {
    display: flex;
    align-items: center;
    justify-content: center;
    width: 60px;
    height: 60px;
    margin-bottom: 22px;
    font-size: 34px;
    background: #f5f7f3;
    border-radius: 50%;
}



/* Tekst */

.employer-card h2 {

    font-size: 28px;

    color: var(--text);

    margin: 0 0 15px;

}



.employer-card p {

    color: var(--text);

    line-height: 1.7;

    flex-grow: 1;

}



/* Link */

.employer-link {

    margin-top: 25px;

    color: var(--primary);

    font-weight: 700;

}



.employer-link::after {

    content: " →";

}



/* Responsywność */

@media(max-width:900px){

    .employer-grid {

        grid-template-columns:1fr;

    }

}



/* Redukcja animacji */

@media(prefers-reduced-motion:reduce){

    .employer-card {

        transition:none;

    }


    .employer-card:hover {

        transform:none;

    }

}
</style>

<section class="employer-zone" aria-labelledby="employer-zone-title">

    <header class="employer-zone-header">
        <h1 id="employer-zone-title">
            Strefa Pracodawcy
        </h1>

        <p>
            Nawiąż współpracę z uczelnią, dotrzyj do studentów
            i absolwentów oraz zaprezentuj swoją ofertę.
        </p>
    </header>


    <nav class="employer-grid" aria-label="Sekcje dla pracodawców">


        <a class="employer-card" href="/biuro-karier/pracodawca/wspolpraca/">

            <span class="employer-icon dashicons dashicons-groups" aria-hidden="true"></span>

            <h2>
                Współpraca
            </h2>

            <p>
                Dowiedz się, jak możesz współpracować z uczelnią,
                wspierać rozwój studentów i pozyskiwać przyszłych pracowników.
            </p>

            <span class="career-cta__button">Przejdź</span>
            </a>

        


        <a class="employer-card" href="/biuro-karier/pracodawca/zglos-oferte/">

            <span class="employer-icon dashicons dashicons-megaphone" aria-hidden="true"></span>

            <h2>
                Zgłoś ofertę
            </h2>

            <p>
                Dodaj ofertę pracy, praktyki lub stażu i dotrzyj
                do studentów oraz absolwentów.
            </p>

            <span class="career-cta__button">Przejdź</span>
            </a>

        


        <a class="employer-card" href="/biuro-karier/pracodawca/targi-pracy/">

            <span class="employer-icon dashicons dashicons-calendar-alt" aria-hidden="true"></span>

            <h2>
                Targi pracy
            </h2>

            <p>
                Poznaj możliwości udziału w targach pracy,
                wydarzeniach i spotkaniach z kandydatami.
            </p>

            <span class="career-cta__button">Przejdź</span>
            </a>

        


    </nav>

</section>

<p>Strefa Pracodawcy Nawiąż współpracę z uczelnią, dotrzyj do studentów i absolwentów oraz zaprezentuj swoją ofertę. Współpraca Dowiedz się, jak możesz współpracować z uczelnią, wspierać rozwój studentów i pozyskiwać przyszłych pracowników. Przejdź Zgłoś ofertę Dodaj ofertę pracy, praktyki lub stażu i dotrzyj do studentów oraz absolwentów. Przejdź Targi pracy Poznaj możliwości udziału w targach pracy, wydarzeniach [&hellip;]</p>
